 what is -8ca + 199?
-731
In base 5, what is 1402244 - -1?
1402300
In base 6, what is 4 - -245020?
245024
In base 10, what is 3320 + 804?
4124
In base 15, what is -2 + -44514?
-44516
In base 14, what is -18712 - -2a?
-186c6
In base 11, what is 769 - 2?
767
In base 16, what is 10 - -648e?
649e
In base 2, what is -100010111101110 - 110001?
-100011000011111
In base 7, what is 3 - 14151?
-14145
In base 7, what is 0 - -1040635?
1040635
In base 4, what is -1323 - 313?
-2302
In base 3, what is 1200012102110 + 1?
1200012102111
In base 15, what is 72 - -2e7?
369
In base 14, what is -732 - 59?
-78b
In base 11, what is 8 + -451501?
-4514a4
In base 8, what is 714536 - 5?
714531
In base 13, what is -5b - -aa9?
a4b
In base 2, what is 1101001 + -110111001?
-101010000
In base 8, what is -12 + 5561?
5547
In base 3, what is -21 + -10000122201?
-10000122222
In base 4, what is 313112 + -3?
313103
In base 15, what is 32a + 8e?
3b9
In base 2, what is 1100011000010 - -11?
1100011000101
In base 13, what is 2a99bc - 4?
2a99b8
In base 12, what is 7a1a2 + 3?
7a1a5
In base 14, what is -5 - -14b01?
14ada
In base 2, what is 1000111110 - -10011011100?
11100011010
In base 5, what is 233111322 + -10?
233111312
In base 12, what is 280 + 393?
653
In base 3, what is -1121 - -2100210?
2022012
In base 6, what is 201 + -512?
-311
In base 2, what is -100 - 11000010001?
-11000010101
In base 4, what is 0 + 212300?
212300
In base 4, what is 2123111 - 11?
2123100
In base 7, what is 232 + 5405?
5640
In base 3, what is -1101 - -11122001?
11120200
In base 3, what is 10210221 - -21000?
11001221
In base 4, what is -233 - 10032210?
-10033103
In base 16, what is 0 + 36e9?
36e9
In base 11, what is 4 + 2201a?
22023
In base 9, what is -765 - -24?
-741
In base 9, what is 355 + 123?
478
In base 6, what is 1 - 5304001?
-5304000
In base 7, what is 1 + -16552566?
-16552565
In base 10, what is 8 - 285?
-277
In base 16, what is 2c66 - -4?
2c6a
In base 4, what is 33233002 + 10?
33233012
In base 8, what is -5160 - 55?
-5235
In base 11, what is 268 - -130?
398
In base 3, what is 10012100222 - 21?
10012100201
In base 16, what is -12ca + 5?
-12c5
In base 3, what is 1202 + 220221?
222200
In base 13, what is c129 + 4?
c130
In base 5, what is -21031241 + -20?
-21031311
In base 2, what is -11100001111011000001110 + 1?
-11100001111011000001101
In base 14, what is 1 - 69c6?
-69c5
In base 4, what is -2101302 - -110?
-2101132
In base 6, what is -23513325 - -2?
-23513323
In base 9, what is -15320 - 2?
-15322
In base 11, what is -37 + 9?
-29
In base 16, what is -548 + e?
-53a
In base 14, what is -3 + 186179?
186176
In base 4, what is 11 + 2333300223?
2333300300
In base 11, what is 63576 + -5?
63571
In base 9, what is 115128 + 20?
115148
In base 14, what is b + 63206?
63213
In base 16, what is -1054c8 + 5?
-1054c3
In base 11, what is 501 + -1a88?
-1587
In base 9, what is 230470 + 4?
230474
In base 10, what is 3120857 + 0?
3120857
In base 2, what is 1 + 11001010000110?
11001010000111
In base 11, what is 673a + 24?
6763
In base 15, what is -1 + 58c7?
58c6
In base 5, what is 10330101 - 3?
10330043
In base 15, what is -9c36 + b?
-9c2a
In base 10, what is 21380 - 2?
21378
In base 11, what is 9 - 278?
-26a
In base 8, what is 3223 + 201?
3424
In base 5, what is 23044 - -2322?
30421
In base 10, what is -7553 + -309?
-7862
In base 11, what is 272a7 + 8?
27304
In base 16, what is -20a91 + -5?
-20a96
In base 10, what is -54679 + -2?
-54681
In base 2, what is -1011101000 - 1000?
-1011110000
In base 7, what is -1140453 + -4?
-1140460
In base 13, what is -17 - -8b?
74
In base 13, what is c52b + -1?
c52a
In base 2, what is 100010 + 1011001101?
1011101111
In base 8, what is 20 - -5577?
5617
In base 8, what is -53 + 2764?
2711
In base 12, what is -38890b1 + 1?
-38890b0
In base 13, what is 29cca - -2?
29ccc
In base 8, what is -3 - 1175661?
-1175664
In base 6, what is -30542300 - 5?
-30542305
In base 12, what is -237 + 90?
-167
In base 11, what is 50194 - 6?
50189
In base 13, what is 6a3 - 20?
683
In base 11, what is -778 - 39?
-806
In base 3, what is 2 + 20220110210?
20220110212
In base 5, what is -2 - 3143223?
-3143230
In base 3, what is -1001020000 + 1000?
-1001012000
In base 4, what is 22321012 - 1?
22321011
In base 16, what is 96f20 - -4?
96f24
In base 14, what is 5 + 41d7?
41dc
In base 12, what is 49 + -750?
-703
In base 10, what is -117380 + -3?
-117383
In base 9, what is 1322 + 157?
1480
In base 16, what is -7 - -b0d0?
b0c9
In base 7, what is -14303 + 6?
-14264
In base 11, what is -1 + -11058?
-11059
In base 13, what is 30a15 + c?
30a24
In base 7, what is 122 + 631?
1053
In base 8, what is -15 - -2547?
2532
In base 4, what is 2 - 10312012?
-10312010
In base 16, what is 610 + -17?
5f9
In base 16, what is -2 + 4f03?
4f01
In base 9, what is -4 + 201402?
201387
In base 8, what is 7 - 130636?
-130627
In base 13, what is -1a0 - 3cb?
-59b
In base 15, what is -29 + -236?
-260
In base 11, what is -4 + -15731?
-15735
In base 16, what is a - 2db?
-2d1
In base 11, what is -541 - -35?
-507
In base 8, what is 103 + 11006?
11111
In base 10, what is 0 - -22374?
22374
In base 12, what is -27025 - 0?
-27025
In base 15, what is -9b - 1e0?
-28b
In base 8, what is 3 + 241217?
241222
In base 9, what is -8605 - -5?
-8600
In base 7, what is 42541 - -2?
42543
In base 4, what is 3 - -1211311312?
1211311321
In base 12, what is -7 - 420b?
-4216
In base 14, what is -c683 - 9?
-c68c
In base 9, what is 1 + -102432?
-102431
In base 5, what is 0 + -334133403?
-334133403
In base 4, what is 10 - -1200213?
1200223
In base 16, what is -1f5 + -136?
-32b
In base 5, what is 4244 - 1202?
3042
In base 5, what is -2 + -30012321?
-30012323
In base 5, what is -12424 - -1400?
-11024
In base 11, what is 1391 - 30?
1361
In base 13, what is 1 - -13052a?
13052b
In base 11, what is -354059 - 5?
-354063
In base 3, what is 2 + -1001120121210?
-1001120121201
In base 8, what is 12 + -7422?
-7410
In base 3, what is 2102 + 100210?
110012
In base 15, what is -19 - 308?
-322
In base 16, what is -3c2 + -192?
-554
In base 4, what is 20313 + -1100?
13213
In base 4, what is 1213 - 1002001?
-1000122
In base 9, what is 141 + 43?
184
In base 14, what is 399 + 5d?
418
In base 2, what is 10100100 + 1000010101000?
1000101001100
In base 13, what is 1781 + -31?
1750
In base 5, what is -140044302 + -4?
-140044311
In base 13, what is -5a00 + 15b?
-5872
In base 8, what is -7 + 407614?
407605
In base 16, what is 4dc61 - -2?
4dc63
In base 13, what is 26 - 6488?
-6462
In base 4, what is 12323213 - 10?
12323203
In base 8, what is 17156 + 0?
17156
In base 14, what is b - -2bc49?
2bc56
In base 11, what is -682 - 140?
-812
In base 14, what is -5 + -1a94?
-1a99
In base 3, what is -11100110 - 20102?
-11120212
In base 6, what is -214004 + -41?
-214045
In base 7, what is 13136 + -53?
13053
In base 4, what is 10112201022 - -2?
10112201030
In base 11, what is 6915 - 3?
6912
In base 12, what is 308 - -1?
309
In base 8, what is 4 + 54017?
54023
In base 14, what is 3 - 68a60?
-68a5b
In base 4, what is 1 + 3023101?
3023102
In base 10, what is 5 - -12405?
12410
In base 5, what is -10 - -144311030?
144311020
In base 3, what is 2101 + 210021120?
210100221
In base 14, what is -13 - 7323?
-7336
In base 6, what is -103 - -330?
223
In base 11, what is 4 + -7051?
-7048
In base 3, what is -1121120121 + -1111?
-1121122002
In base 3, what is -11201220 + -200?
-11202120
In base 9, what is 6 - 774221?
-774214
In base 5, what is 2300 + 200023?
202323
In base 11, what is 42386 + 39?
42414
In base 8, what is 3 + -42752?
-42747
In base 14, what is b65a + 16?
b672
In base 15, what is -114 + 92?
-72
In base 10, what is 0 + 419766?
419766
In base 9, what is -5 + -44262?
-44267
In base 14, what is -1ab1a + 9?
-1ab11
In base 11, what is 1771 + -a0?
1681
In base 10, what is 50 + -1093?
-1043
In base 3, what is -1 + 100221120?
100221112
In base 11, what is -5148 - -61?
-5097
In base 5, what is -24343001 + 0?
-24343001
In base 10, what is 4 - 110372?
-110368
In base 9, what is -747 + 303?
-444
In base 14, what is 427b + -2?
4279
In base 8, what is -13 - 2011?
-2024
In base 13, what is 23 - 4b?
-28
In base 9, what is 7247 + -174?
7063
In base 9, what is -16703 - -1?
-16702
In base 13, what is c + 229a?
22a9
In base 10, what is 84 + -6111?
